{"id":2202,"date":"2023-08-13T18:08:52","date_gmt":"2023-08-13T18:08:52","guid":{"rendered":"https:\/\/cltdogadacsie.pl\/?page_id=2202"},"modified":"2023-08-13T18:11:26","modified_gmt":"2023-08-13T18:11:26","slug":"ochrona-danych-osobowych-2","status":"publish","type":"page","link":"https:\/\/cltdogadacsie.pl\/?page_id=2202","title":{"rendered":"OCHRONA DANYCH OSOBOWYCH"},"content":{"rendered":"<h1 style=\"text-align: center;\">KLAUZULA O OCHRONIE DANYCH OSOBOWYCH\u00a0\u00a0<\/h1>\n<p style=\"text-align: justify;\">Zgodnie z zapisami Ustawy o ochronie danych osobowych z dnia 10 maja 2018 r. (Dz.U. 2018 poz. 1000 ) oraz \u015bwiadczenia us\u0142ug drog\u0105 elektroniczn\u0105 (Ustawa o \u015bwiadczeniu us\u0142ug drog\u0105 elektroniczn\u0105 (Dz.U. 2017), Ustawy Prawo Telekomunikacyjne (Dz.U. 2004 nr 171), Rozporz\u0105dzeniem Parlamentu Europejskiego i Rady (UE) 2016\/679 z 27 kwietnia 2016 r. w sprawie ochrony os\u00f3b fizycznych w zwi\u0105zku z przetwarzaniem danych osobowych i w sprawie swobodnego przep\u0142ywu takich danych oraz uchylenia dyrektywy 95\/46\/WE (og\u00f3lne rozporz\u0105dzenie o ochronie danych, dalej: RODO), informujemy wsp\u00f3\u0142pracownik\u00f3w, partner\u00f3w oraz uczestnik\u00f3w wszystkich form zaj\u0119\u0107 organizowanych przez Centrum Logopedyczno-Terapeutyczne \u201eDogada\u0107 si\u0119\u201d Katarzyna Czechowicz-Go\u0142aszewska, dalej CLT \u201eDogada\u0107 si\u0119\u201d i\u017c:<\/p>\n<p style=\"text-align: justify;\">1.<\/p>\n<p style=\"text-align: justify;\">Administratorem danych osobowych jest Centrum Logopedyczno-Terapeutyczne \u201eDogada\u0107 si\u0119\u201d Katarzyna Czechowicz-Go\u0142aszewska, reprezentowane przez Katarzyn\u0119 Czechowicz-Go\u0142aszewsk\u0105.<\/p>\n<p style=\"text-align: justify;\">2.<\/p>\n<p style=\"text-align: justify;\">CLT \u201eDogada\u0107 si\u0119\u201d zbiera i przetwarza dane osobowe, na podstawie art. 6 ust. 1 lit. a, b i c, oraz art. 9 ust. 2 lit. a RODO w zakresie niezb\u0119dnym do prawid\u0142owego funkcjonowania plac\u00f3wki tj.:\u2013 udzielania informacji, ustalania termin\u00f3w spotka\u0144, szkole\u0144\/warsztat\u00f3w i terapii\u00a0\u2013 informowania o aktualnej ofercie CLT \u201eDogada\u0107 si\u0119\u201d \u2013 konsultacji z innymi specjalistami, lekarzami, nauczycielami, pod opiek\u0105 kt\u00f3rych\u00a0 pozostaje uczestnik zaj\u0119\u0107 organizowanych przez CLT \u201eDogada\u0107 si\u0119\u201d\u00a0 \u2013 wystawiania za\u015bwiadcze\u0144, opinii, informacji o terapii, konsultacjach, szkoleniach; \u2013 wype\u0142niania prawnych obowi\u0105zk\u00f3w zwi\u0105zanych z administrowaniem danych oraz\u00a0 realizacji zada\u0144 w interesie publicznym (np. wykonywania zada\u0144 zwi\u0105zanych z\u00a0 bezpiecze\u0144stwem, przechowywania i przekazywania dokumentacji podatkowej)\u2013 wynikaj\u0105cych z prawnie uzasadnionych interes\u00f3w realizowanych przez CLT\u00a0 \u201eDogada\u0107 si\u0119\u201d (np. marketing bezpo\u015bredni w\u0142asnych produkt\u00f3w, zabezpieczanie i\u00a0 dochodzenie roszcze\u0144, zabezpieczanie i ochrona przed roszczeniami uczestnik\u00f3w zaj\u0119\u0107 CLT \u201eDogada\u0107 si\u0119\u201d \/wsp\u00f3\u0142pracownik\u00f3w\/partner\u00f3w biznesowych lub os\u00f3b trzecich, marketing us\u0142ug i produkt\u00f3w podmiot\u00f3w trzecich, marketing w\u0142asny nieb\u0119d\u0105cy marketingiem bezpo\u015brednim).<\/p>\n<p style=\"text-align: justify;\">3.<\/p>\n<p style=\"text-align: justify;\">Podanie danych jest dobrowolne. Jednak\u017ce konsekwencj\u0105 ich niepodania jest brak mo\u017cliwo\u015bci skorzystania z oferty CLT \u201eDogada\u0107 si\u0119\u201d.<\/p>\n<p style=\"text-align: justify;\">4.<\/p>\n<p style=\"text-align: justify;\">Dane, kt\u00f3re mog\u0105 podlega\u0107 przetwarzaniu to:<\/p>\n<ul style=\"text-align: justify;\">\n<li>dane zwyk\u0142e tj.: imi\u0119, nazwisko, adres zamieszkania, dow\u00f3d osobisty\/PESEL lub paszport z numerem dokumentu, numer telefonu, adres e-mail,<\/li>\n<li>dane wra\u017cliwe w celu programowania w\u0142a\u015bciwego post\u0119powania terapeutycznego tj.: opinie, orzeczenia, inne medyczne okre\u015blaj\u0105ce stan zdrowia<\/li>\n<\/ul>\n<p style=\"text-align: justify;\">5.<\/p>\n<p style=\"text-align: justify;\">W zwi\u0105zku z przetwarzaniem\u00a0danych osobowych, osobie, kt\u00f3rej dane dotycz\u0105 przys\u0142uguj\u0105 nast\u0119puj\u0105ce uprawnienia:<\/p>\n<ol style=\"text-align: justify;\">\n<li>prawo do \u017c\u0105dania od administratora danych dost\u0119pu do danych osobowych osoby, kt\u00f3rej dane dotycz\u0105;<\/li>\n<li>prawo do \u017c\u0105dania od administratora niezw\u0142ocznego sprostowania danych osobowych;<\/li>\n<li>prawo do \u017c\u0105dania usuni\u0119cia danych osobowych w przypadku gdy:<\/li>\n<\/ol>\n<ul style=\"text-align: justify;\">\n<li>dane nie s\u0105 ju\u017c niezb\u0119dne do cel\u00f3w, dla kt\u00f3rych by\u0142y zebrane lub w inny spos\u00f3b przetwarzane,<\/li>\n<li>osoba, kt\u00f3rej dane dotycz\u0105 wycofa\u0142a zgod\u0119 na przetwarzanie danych osobowych, kt\u00f3ra jest podstaw\u0105 przetwarzania danych i nie ma innej podstawy prawnej przetwarzania danych,<\/li>\n<li>dane osobowe przetwarzane s\u0105 niezgodnie z prawem,<\/li>\n<li>dane osobowe musz\u0105 by\u0107 usuni\u0119te w celu wywi\u0105zania si\u0119 z obowi\u0105zku wynikaj\u0105cego z przepis\u00f3w prawa.<\/li>\n<\/ul>\n<ol style=\"text-align: justify;\" start=\"4\">\n<li>prawo do wniesienia skargi do organu nadzorczego.<\/li>\n<\/ol>\n<p style=\"text-align: justify;\">6.<\/p>\n<p style=\"text-align: justify;\">W przypadku wyra\u017cenia zgody na przetwarzanie danych wra\u017cliwych, osoba, kt\u00f3rej dane dotycz\u0105 ma prawo do cofni\u0119cia zgody na przetwarzanie tych danych w dowolnym momencie.<\/p>\n<p style=\"text-align: justify;\">7.<\/p>\n<p style=\"text-align: justify;\">Dane osobowe dziecka i rodzic\u00f3w oraz dane osobowe pozosta\u0142ych os\u00f3b pozostaj\u0105cych we wsp\u00f3lnym gospodarstwie domowym nie b\u0119d\u0105 profilowane.<\/p>\n<p style=\"text-align: justify;\">8.<\/p>\n<p style=\"text-align: justify;\">Dane osobowe b\u0119d\u0105 przetwarzane do czasu wykonania i rozliczenia umowy z Klientem oraz up\u0142ywu okresu przedawnienia wynikaj\u0105cego z umowy<\/p>\n<p style=\"text-align: justify;\">aktualizacja 13.08.23<\/p>\n<p style=\"text-align: justify;\">\u00a0<\/p>\n","protected":false},"excerpt":{"rendered":"<p>KLAUZULA O OCHRONIE DANYCH OSOBOWYCH\u00a0\u00a0 Zgodnie z zapisami Ustawy o ochronie danych osobowych z dnia 10 maja 2018 r. (Dz.U. 2018 poz. 1000 ) oraz \u015bwiadczenia us\u0142ug drog\u0105 elektroniczn\u0105 (Ustawa o \u015bwiadczeniu us\u0142ug drog\u0105 elektroniczn\u0105 (Dz.U. 2017), Ustawy Prawo Telekomunikacyjne &hellip; <a href=\"https:\/\/cltdogadacsie.pl\/?page_id=2202\">Czytaj dalej <span class=\"meta-nav\">&rarr;<\/span><\/a><\/p>\n","protected":false},"author":2,"featured_media":0,"parent":0,"menu_order":0,"comment_status":"closed","ping_status":"closed","template":"","meta":{"sfsi_plus_gutenberg_text_before_share":"","sfsi_plus_gutenberg_show_text_before_share":"","sfsi_plus_gutenberg_icon_type":"","sfsi_plus_gutenberg_icon_alignemt":"","sfsi_plus_gutenburg_max_per_row":"","footnotes":""},"class_list":["post-2202","page","type-page","status-publish","hentry"],"_links":{"self":[{"href":"https:\/\/cltdogadacsie.pl\/index.php?rest_route=\/wp\/v2\/pages\/2202","targetHints":{"allow":["GET"]}}],"collection":[{"href":"https:\/\/cltdogadacsie.pl\/index.php?rest_route=\/wp\/v2\/pages"}],"about":[{"href":"https:\/\/cltdogadacsie.pl\/index.php?rest_route=\/wp\/v2\/types\/page"}],"author":[{"embeddable":true,"href":"https:\/\/cltdogadacsie.pl\/index.php?rest_route=\/wp\/v2\/users\/2"}],"replies":[{"embeddable":true,"href":"https:\/\/cltdogadacsie.pl\/index.php?rest_route=%2Fwp%2Fv2%2Fcomments&post=2202"}],"version-history":[{"count":3,"href":"https:\/\/cltdogadacsie.pl\/index.php?rest_route=\/wp\/v2\/pages\/2202\/revisions"}],"predecessor-version":[{"id":2208,"href":"https:\/\/cltdogadacsie.pl\/index.php?rest_route=\/wp\/v2\/pages\/2202\/revisions\/2208"}],"wp:attachment":[{"href":"https:\/\/cltdogadacsie.pl\/index.php?rest_route=%2Fwp%2Fv2%2Fmedia&parent=2202"}],"curies":[{"name":"wp","href":"https:\/\/api.w.org\/{rel}","templated":true}]}}

<h1 style="text-align: center;">KLAUZULA O OCHRONIE DANYCH OSOBOWYCH  </h1>
<p style="text-align: justify;">Zgodnie z zapisami Ustawy o ochronie danych osobowych z dnia 10 maja 2018 r. (Dz.U. 2018 poz. 1000 ) oraz świadczenia usług drogą elektroniczną (Ustawa o świadczeniu usług drogą elektroniczną (Dz.U. 2017), Ustawy Prawo Telekomunikacyjne (Dz.U. 2004 nr 171), Rozporządzeniem Parlamentu Europejskiego i Rady (UE) 2016/679 z 27 kwietnia 2016 r. w sprawie ochrony osób fizycznych w związku z przetwarzaniem danych osobowych i w sprawie swobodnego przepływu takich danych oraz uchylenia dyrektywy 95/46/WE (ogólne rozporządzenie o ochronie danych, dalej: RODO), informujemy współpracowników, partnerów oraz uczestników wszystkich form zajęć organizowanych przez Centrum Logopedyczno-Terapeutyczne „Dogadać się” Katarzyna Czechowicz-Gołaszewska, dalej CLT „Dogadać się” iż:</p>
<p style="text-align: justify;">1.</p>
<p style="text-align: justify;">Administratorem danych osobowych jest Centrum Logopedyczno-Terapeutyczne „Dogadać się” Katarzyna Czechowicz-Gołaszewska, reprezentowane przez Katarzynę Czechowicz-Gołaszewską.</p>
<p style="text-align: justify;">2.</p>
<p style="text-align: justify;">CLT „Dogadać się” zbiera i przetwarza dane osobowe, na podstawie art. 6 ust. 1 lit. a, b i c, oraz art. 9 ust. 2 lit. a RODO w zakresie niezbędnym do prawidłowego funkcjonowania placówki tj.:– udzielania informacji, ustalania terminów spotkań, szkoleń/warsztatów i terapii – informowania o aktualnej ofercie CLT „Dogadać się” – konsultacji z innymi specjalistami, lekarzami, nauczycielami, pod opieką których  pozostaje uczestnik zajęć organizowanych przez CLT „Dogadać się”  – wystawiania zaświadczeń, opinii, informacji o terapii, konsultacjach, szkoleniach; – wypełniania prawnych obowiązków związanych z administrowaniem danych oraz  realizacji zadań w interesie publicznym (np. wykonywania zadań związanych z  bezpieczeństwem, przechowywania i przekazywania dokumentacji podatkowej)– wynikających z prawnie uzasadnionych interesów realizowanych przez CLT  „Dogadać się” (np. marketing bezpośredni własnych produktów, zabezpieczanie i  dochodzenie roszczeń, zabezpieczanie i ochrona przed roszczeniami uczestników zajęć CLT „Dogadać się” /współpracowników/partnerów biznesowych lub osób trzecich, marketing usług i produktów podmiotów trzecich, marketing własny niebędący marketingiem bezpośrednim).</p>
<p style="text-align: justify;">3.</p>
<p style="text-align: justify;">Podanie danych jest dobrowolne. Jednakże konsekwencją ich niepodania jest brak możliwości skorzystania z oferty CLT „Dogadać się”.</p>
<p style="text-align: justify;">4.</p>
<p style="text-align: justify;">Dane, które mogą podlegać przetwarzaniu to:</p>
<ul style="text-align: justify;">
<li>dane zwykłe tj.: imię, nazwisko, adres zamieszkania, dowód osobisty/PESEL lub paszport z numerem dokumentu, numer telefonu, adres e-mail,</li>
<li>dane wrażliwe w celu programowania właściwego postępowania terapeutycznego tj.: opinie, orzeczenia, inne medyczne określające stan zdrowia</li>
</ul>
<p style="text-align: justify;">5.</p>
<p style="text-align: justify;">W związku z przetwarzaniem danych osobowych, osobie, której dane dotyczą przysługują następujące uprawnienia:</p>
<ol style="text-align: justify;">
<li>prawo do żądania od administratora danych dostępu do danych osobowych osoby, której dane dotyczą;</li>
<li>prawo do żądania od administratora niezwłocznego sprostowania danych osobowych;</li>
<li>prawo do żądania usunięcia danych osobowych w przypadku gdy:</li>
</ol>
<ul style="text-align: justify;">
<li>dane nie są już niezbędne do celów, dla których były zebrane lub w inny sposób przetwarzane,</li>
<li>osoba, której dane dotyczą wycofała zgodę na przetwarzanie danych osobowych, która jest podstawą przetwarzania danych i nie ma innej podstawy prawnej przetwarzania danych,</li>
<li>dane osobowe przetwarzane są niezgodnie z prawem,</li>
<li>dane osobowe muszą być usunięte w celu wywiązania się z obowiązku wynikającego z przepisów prawa.</li>
</ul>
<ol style="text-align: justify;" start="4">
<li>prawo do wniesienia skargi do organu nadzorczego.</li>
</ol>
<p style="text-align: justify;">6.</p>
<p style="text-align: justify;">W przypadku wyrażenia zgody na przetwarzanie danych wrażliwych, osoba, której dane dotyczą ma prawo do cofnięcia zgody na przetwarzanie tych danych w dowolnym momencie.</p>
<p style="text-align: justify;">7.</p>
<p style="text-align: justify;">Dane osobowe dziecka i rodziców oraz dane osobowe pozostałych osób pozostających we wspólnym gospodarstwie domowym nie będą profilowane.</p>
<p style="text-align: justify;">8.</p>
<p style="text-align: justify;">Dane osobowe będą przetwarzane do czasu wykonania i rozliczenia umowy z Klientem oraz upływu okresu przedawnienia wynikającego z umowy</p>
<p style="text-align: justify;">aktualizacja 13.08.23</p>
<p style="text-align: justify;"> </p>

<p>KLAUZULA O OCHRONIE DANYCH OSOBOWYCH   Zgodnie z zapisami Ustawy o ochronie danych osobowych z dnia 10 maja 2018 r. (Dz.U. 2018 poz. 1000 ) oraz świadczenia usług drogą elektroniczną (Ustawa o świadczeniu usług drogą elektroniczną (Dz.U. 2017), Ustawy Prawo Telekomunikacyjne &hellip; <a href="https://cltdogadacsie.pl/?page_id=2202">Czytaj dalej <span class="meta-nav">&rarr;</span></a></p>
