{"id":223,"date":"2018-08-17T19:34:43","date_gmt":"2018-08-17T19:34:43","guid":{"rendered":"http:\/\/cltdogadacsie.pl\/?page_id=223"},"modified":"2025-12-27T17:34:44","modified_gmt":"2025-12-27T15:34:44","slug":"katarzyna-czechowicz-golaszewska","status":"publish","type":"page","link":"https:\/\/cltdogadacsie.pl\/?page_id=223","title":{"rendered":"Katarzyna Czechowicz-Go\u0142aszewska"},"content":{"rendered":"<p><img loading=\"lazy\" decoding=\"async\" class=\"size-medium wp-image-1792\" src=\"https:\/\/cltdogadacsie.pl\/wp-content\/uploads\/2022\/04\/IMG_20220417_162517-270x300.jpg\" alt=\"\" width=\"270\" height=\"300\" srcset=\"https:\/\/cltdogadacsie.pl\/wp-content\/uploads\/2022\/04\/IMG_20220417_162517-270x300.jpg 270w, https:\/\/cltdogadacsie.pl\/wp-content\/uploads\/2022\/04\/IMG_20220417_162517-920x1024.jpg 920w, https:\/\/cltdogadacsie.pl\/wp-content\/uploads\/2022\/04\/IMG_20220417_162517-768x855.jpg 768w, https:\/\/cltdogadacsie.pl\/wp-content\/uploads\/2022\/04\/IMG_20220417_162517-1380x1536.jpg 1380w, https:\/\/cltdogadacsie.pl\/wp-content\/uploads\/2022\/04\/IMG_20220417_162517-1840x2048.jpg 1840w\" sizes=\"auto, (max-width: 270px) 100vw, 270px\" \/><\/p>\n<p style=\"text-align: justify;\">Certyfikowany logopeda, neurologopeda, terapeuta AAC, konsultant C-EYE, terapeuta C-EYE, diagnosta ADI-R i ADOS &#8211; 2, terapeuta funkcji ortodontycznych MFS, pedagog specjalny, oligofrenopedagog, filolog, absolwentka studi\u00f3w podyplomowych z zakresu neurorehabilitacji, nauczyciel dyplomowany, trener ps\u00f3w, trener fit paws dla ps\u00f3w, masa\u017cystka ma\u0142ych zwierz\u0105t (ps\u00f3w). cz\u0142onek PTL i PZL. Prowadzi zaj\u0119cia z dzie\u0107mi z wadami artykulacyjnymi, zaburzeniami mowy o r\u00f3\u017cnym pod\u0142o\u017cu, z autyzmem, niepe\u0142nosprawno\u015bci\u0105 intelektualn\u0105, niepe\u0142nosprawno\u015bciami sprz\u0119\u017conymi, zaburzeniami rozwoju o pod\u0142o\u017cu genetycznym. Organizuje wyk\u0142ady i warsztaty dla nauczycieli, rodzic\u00f3w, prowadzi zaj\u0119cia dydaktyczne w o\u015brodkach szkoleniowych w Polsce.<br \/>\nZawodowo i prywatnie interesuje si\u0119 neurologi\u0105, psychologi\u0105 i psychiatri\u0105, behawioryzmem ludzi i zwierz\u0105t. W swojej pracy stara si\u0119 \u0142\u0105czy\u0107 wiele pasji. Do\u015bwiadczenie zdobywa\u0142a w szkole integracyjnej, specjalnym o\u015brodku szkolno-wychowawczym oraz praktyce prywatnej, dbaj\u0105c o podnoszenie presti\u017cu zawodu logopedy, wdra\u017caj\u0105c alternatywne i wspomagaj\u0105ce metody komunikacji, tak by ka\u017cdemu dziecku da\u0107 szans\u0119 na rozw\u00f3j komunikacji i mowy. Na terenie o\u015brodka prowadzi\u0142a zesp\u00f3\u0142 artystyczno-wokalny &#8222;Niezwykli w ciszy&#8221;, kt\u00f3ry tworzyli uczniowie z g\u0142\u0119bokimi zaburzeniami komunikacji.<\/p>\n<p>Mi\u0142o\u015bniczka poezji pisanej i \u015bpiewanej, biegania, gotowania i g\u00f3rskich wypraw. Motto \u017cyciowe: \u201eGdy si\u0119 ma co robi\u0107, w co wierzy\u0107 i kogo kocha\u0107 jest si\u0119 szcz\u0119\u015bliwym\u201d.<\/p>\n","protected":false},"excerpt":{"rendered":"<p>Certyfikowany logopeda, neurologopeda, terapeuta AAC, konsultant C-EYE, terapeuta C-EYE, diagnosta ADI-R i ADOS &#8211; 2, terapeuta funkcji ortodontycznych MFS, pedagog specjalny, oligofrenopedagog, filolog, absolwentka studi\u00f3w podyplomowych z zakresu neurorehabilitacji, nauczyciel dyplomowany, trener ps\u00f3w, trener fit paws dla ps\u00f3w, masa\u017cystka ma\u0142ych &hellip; <a href=\"https:\/\/cltdogadacsie.pl\/?page_id=223\">Czytaj dalej <span class=\"meta-nav\">&rarr;<\/span><\/a><\/p>\n","protected":false},"author":2,"featured_media":0,"parent":0,"menu_order":0,"comment_status":"closed","ping_status":"closed","template":"","meta":{"sfsi_plus_gutenberg_text_before_share":"","sfsi_plus_gutenberg_show_text_before_share":"","sfsi_plus_gutenberg_icon_type":"","sfsi_plus_gutenberg_icon_alignemt":"","sfsi_plus_gutenburg_max_per_row":"","footnotes":""},"class_list":["post-223","page","type-page","status-publish","hentry"],"_links":{"self":[{"href":"https:\/\/cltdogadacsie.pl\/index.php?rest_route=\/wp\/v2\/pages\/223","targetHints":{"allow":["GET"]}}],"collection":[{"href":"https:\/\/cltdogadacsie.pl\/index.php?rest_route=\/wp\/v2\/pages"}],"about":[{"href":"https:\/\/cltdogadacsie.pl\/index.php?rest_route=\/wp\/v2\/types\/page"}],"author":[{"embeddable":true,"href":"https:\/\/cltdogadacsie.pl\/index.php?rest_route=\/wp\/v2\/users\/2"}],"replies":[{"embeddable":true,"href":"https:\/\/cltdogadacsie.pl\/index.php?rest_route=%2Fwp%2Fv2%2Fcomments&post=223"}],"version-history":[{"count":11,"href":"https:\/\/cltdogadacsie.pl\/index.php?rest_route=\/wp\/v2\/pages\/223\/revisions"}],"predecessor-version":[{"id":2858,"href":"https:\/\/cltdogadacsie.pl\/index.php?rest_route=\/wp\/v2\/pages\/223\/revisions\/2858"}],"wp:attachment":[{"href":"https:\/\/cltdogadacsie.pl\/index.php?rest_route=%2Fwp%2Fv2%2Fmedia&parent=223"}],"curies":[{"name":"wp","href":"https:\/\/api.w.org\/{rel}","templated":true}]}}