{"id":63,"date":"2018-08-13T10:10:08","date_gmt":"2018-08-13T10:10:08","guid":{"rendered":"http:\/\/cltdogadacsie.pl\/?page_id=63"},"modified":"2021-03-09T11:31:16","modified_gmt":"2021-03-09T11:31:16","slug":"szkolenia","status":"publish","type":"page","link":"https:\/\/cltdogadacsie.pl\/?page_id=63","title":{"rendered":"Szkolenia"},"content":{"rendered":"<div class=\"text_exposed_show\">\n<p style=\"text-align: justify;\">Szkolenia i warsztaty s\u0105 cz\u0119\u015bci\u0105 pracy terapeutycznej. W ofercie Centrum Logopedyczno-Terapeutycznego &#8222;Dogada\u0107 si\u0119&#8221; znajduj\u0105 si\u0119 szkolenia, do udzia\u0142u w kt\u00f3rych zapraszam serdecznie zar\u00f3wno specjalist\u00f3w, terapeut\u00f3w, nauczycieli jak i rodzic\u00f3w. Oferta stale b\u0119dzie si\u0119 rozwija\u0107. Jestem otwarta na propozycje. Je\u017celi chcieliby Pa\u0144stwo wzi\u0105\u0107 udzia\u0142 w szkoleniu, kt\u00f3rego nie ma jeszcze na li\u015bcie &#8211; prosz\u0119 o kontakt. Do\u0142o\u017c\u0119 wszelkich stara\u0144, by wzbogaci\u0107 ofert\u0119 o nowe tematy.\u00a0<\/p>\n<\/div>\n","protected":false},"excerpt":{"rendered":"<p>Szkolenia i warsztaty s\u0105 cz\u0119\u015bci\u0105 pracy terapeutycznej. W ofercie Centrum Logopedyczno-Terapeutycznego &#8222;Dogada\u0107 si\u0119&#8221; znajduj\u0105 si\u0119 szkolenia, do udzia\u0142u w kt\u00f3rych zapraszam serdecznie zar\u00f3wno specjalist\u00f3w, terapeut\u00f3w, nauczycieli jak i rodzic\u00f3w. Oferta stale b\u0119dzie si\u0119 rozwija\u0107. Jestem otwarta na propozycje. Je\u017celi chcieliby &hellip; <a href=\"https:\/\/cltdogadacsie.pl\/?page_id=63\">Czytaj dalej <span class=\"meta-nav\">&rarr;<\/span><\/a><\/p>\n","protected":false},"author":2,"featured_media":0,"parent":0,"menu_order":0,"comment_status":"closed","ping_status":"closed","template":"","meta":{"sfsi_plus_gutenberg_text_before_share":"","sfsi_plus_gutenberg_show_text_before_share":"","sfsi_plus_gutenberg_icon_type":"","sfsi_plus_gutenberg_icon_alignemt":"","sfsi_plus_gutenburg_max_per_row":"","footnotes":""},"class_list":["post-63","page","type-page","status-publish","hentry"],"_links":{"self":[{"href":"https:\/\/cltdogadacsie.pl\/index.php?rest_route=\/wp\/v2\/pages\/63","targetHints":{"allow":["GET"]}}],"collection":[{"href":"https:\/\/cltdogadacsie.pl\/index.php?rest_route=\/wp\/v2\/pages"}],"about":[{"href":"https:\/\/cltdogadacsie.pl\/index.php?rest_route=\/wp\/v2\/types\/page"}],"author":[{"embeddable":true,"href":"https:\/\/cltdogadacsie.pl\/index.php?rest_route=\/wp\/v2\/users\/2"}],"replies":[{"embeddable":true,"href":"https:\/\/cltdogadacsie.pl\/index.php?rest_route=%2Fwp%2Fv2%2Fcomments&post=63"}],"version-history":[{"count":36,"href":"https:\/\/cltdogadacsie.pl\/index.php?rest_route=\/wp\/v2\/pages\/63\/revisions"}],"predecessor-version":[{"id":1482,"href":"https:\/\/cltdogadacsie.pl\/index.php?rest_route=\/wp\/v2\/pages\/63\/revisions\/1482"}],"wp:attachment":[{"href":"https:\/\/cltdogadacsie.pl\/index.php?rest_route=%2Fwp%2Fv2%2Fmedia&parent=63"}],"curies":[{"name":"wp","href":"https:\/\/api.w.org\/{rel}","templated":true}]}}